-3*x - 5*z. List the prime factors of x.
3, 5
Suppose b + 2*w = 512, 5*b + w - 2*w - 2549 = 0. List the prime factors of b.
2, 3, 5, 17
Suppose -z - 5*r = 11, 4*r = 5*z - z - 76. Suppose z*b - 15*b = -6. List the prime factors of b.
2, 3
Let p be -3 + 5 + 4*-1 + 2. List the prime factors of -2 - (p + -63 + 4).
3, 19
Let m(a) = 2*a**2 + 18*a + 132. List the prime factors of m(-13).
2, 59
Suppose -g + 4*k + 462 = 0, -3*g + 0*k - k = -1399. What are the prime factors of g?
2, 233
Let w(d) = 2*d**2 + 18*d + 3. Let y be w(-9). Suppose y*z + 3*f - 327 = 0, 2*z + 2*f - 5*f - 223 = 0. What are the prime factors of z?
2, 5, 11
Let j(d) = -123*d. Let a be j(-1). Let h = a + 24. List the prime factors of h.
3, 7
Let k = 2239 + -861. What are the prime factors of k?
2, 13, 53
List the prime factors of ((-57)/(-15) + -3)*(-1515)/(-6).
2, 101
Let n(i) = 6*i**2 + 2*i + 2. Suppose -b + 0*q = -3*q - 3, -3*b = -q + 7. What are the prime factors of n(b)?
2, 5
Suppose 0 = 28*t - 32*t + 5588. What are the prime factors of t?
11, 127
Let o(f) = -2*f**2 - 10*f + 2. Let q be o(-5). Let g(x) = 2*x**q - 9*x + 18*x + 1 + 2*x**3 - 11*x. List the prime factors of g(1).
3
Let c(g) = g**2 + 5*g - 2. Let j be c(-6). Suppose -j*y = -2*y - 72. Suppose 7*i = 4*i + y. What are the prime factors of i?
2, 3
Let q = 1170 + -542. What are the prime factors of q?
2, 157
Let k be (1 - 1)/((-3 - -1)/1). Let z(f) = f + 10. Let n(g) = -g - 9. Let j(q) = 4*n(q) + 5*z(q). List the prime factors of j(k).
2, 7
Let a = 29 - 22. Let t(i) = -i**3 + 9*i**2 - 9*i - 2. What are the prime factors of t(a)?
3, 11
Suppose -705 = 32*x - 47*x. What are the prime factors of x?
47
Let k(u) = -u**2 + 8*u - 10. Let z be k(5). Suppose -2*f = 4*t - 152, 0*f - 2*f + 134 = -z*t. List the prime factors of f.
2, 3
Suppose 3*c = -c + 16. Suppose 0*r + 5*r + n = 187, -c*n - 140 = -4*r. What are the prime factors of r?
37
Suppose 7*a - 4*a + 378 = 0. What are the prime factors of 448/9 + (-28)/a?
2, 5
Let k(g) = -11*g - 48. Let n be k(-6). List the prime factors of (12 - -3)/(n/30).
5
Suppose -s = s, 5*s - 18 = 3*l. Let d(j) = j**2 + 2*j + 2. List the prime factors of d(l).
2, 13
Suppose 8*y = 73 - 25. Suppose -y*m + 100 = -m. List the prime factors of m.
2, 5
Let d = -373 - 205. Let m = -343 - d. List the prime factors of m.
5, 47
Suppose -4*o - t = -21, -2*t = 5*o + 2*t - 40. Suppose o*p = 519 - 171. Let a = -39 + p. What are the prime factors of a?
2, 3
Let g(l) = -l**3 + 7*l**2 + 4*l - 13. Let b be g(10). List the prime factors of b/14*20/(-6).
5, 13
Let h(u) = 2*u**2 - 19*u - 406. What are the prime factors of h(-35)?
3, 7, 43
Let a(y) = y - 6. Let t be a(8). Suppose 5*v - t*r = 151, -2*v - 5*r + 101 = 2*v. List the prime factors of v.
29
Let x = 374 - -1099. What are the prime factors of x?
3, 491
Let y = 49 + -46. What are the prime factors of y + 21/6*14?
2, 13
What are the prime factors of 84/140*(-5645)/(-3)?
1129
Suppose m = j - 0*m - 327, 4*j + 5*m - 1263 = 0. Suppose 0 = 5*p - w - 226, 5*p = -3*w + j - 80. What are the prime factors of p?
2, 23
Let s = 2174 + -1267. List the prime factors of s.
907
Let r(v) = 2 + 0 - 153*v**3 + 154*v**3 - 7*v + 0*v + 4*v**2. Let t be -2*(-1 - (-7)/2). List the prime factors of r(t).
2, 3
Let h be (-27)/6*(-4)/(-6). Let k = 36 - h. List the prime factors of k.
3, 13
Suppose j - 11653 = -3*m - 4280, -4*j - 7378 = -3*m. What are the prime factors of m?
2, 1229
Let s = 39 - 65. Suppose -3*b - 2*v - 31 = 0, -3*b = -0*v + v + 29. Let h = b - s. List the prime factors of h.
17
List the prime factors of ((-522)/8)/(3/(-36)).
3, 29
Let t(v) = 3*v - 17. Let w(b) = -b + 6. Let p(i) = 4*t(i) + 11*w(i). Let g be p(5). List the prime factors of 7/(2/6*g).
7
Suppose 2*i = -i + 45. Let d be (9/i)/(1/15). Let y = -1 + d. What are the prime factors of y?
2
Suppose -5*q = -4*l - 234, -4*q = -3*l + 103 - 290. Suppose 3*d - 208 = -q. List the prime factors of d.
2, 3
Suppose 7*y - 3498 - 4020 = 0. List the prime factors of y.
2, 3, 179
Suppose -79*d + 67*d = -5448. What are the prime factors of d?
2, 227
List the prime factors of (-17)/((7/693)/(-1)) - -6.
3, 563
Let y(v) = -29*v**3 - 2*v**2 + 3*v + 3. Let q be y(-2). Suppose -q = -6*f + 295. What are the prime factors of f?
2, 43
List the prime factors of 24978/24 + (-2)/(-8).
3, 347
Suppose -7*f = -9*f + 4. Suppose -228 = f*n - 8*n. What are the prime factors of n?
2, 19
What are the prime factors of (-8)/(-40) - 19789/(-5)?
2, 1979
Suppose 0 = 3*q + 9, -4*l + 5 - 26 = 3*q. Let s = 66 - l. What are the prime factors of s?
3, 23
Let n = 600 - 463. What are the prime factors of n?
137
Let d(n) = -n**3 - 4*n**2 - 2*n - 6. Let p be d(-4). Let u(k) = 5*k**p - 4*k**2 - k + 6 + 3*k - 3*k. What are the prime factors of u(0)?
2, 3
Let m = -3 + 22. Let c(i) = -2*i + 52. List the prime factors of c(m).
2, 7
List the prime factors of 2953 + ((-4)/1 - 24/8).
2, 3, 491
Let z(b) = 12*b**2 + b**3 + 8 + 8*b - 4*b**2 + b**2. What are the prime factors of z(-8)?
2
Suppose -3*i - 92 = -7*i. Let b = 18 + -9. Suppose -i = -4*m + g, -3*m + g = -b - 9. List the prime factors of m.
5
Let x(j) = -j**3 - 11*j**2 + 16. Let v be x(-11). What are the prime factors of 3 + v + 0/(-5)?
19
Let b(i) = 2*i - 12. Let c be b(6). Let v(z) = -1 - 2 + 60*z + 2 + c. List the prime factors of v(1).
59
Let j(f) = -f**3 + 25*f**2 + 40*f - 19. List the prime factors of j(16).
3, 5, 13
Suppose -i + 6*i = -50. Let o be 6/15 - 756/i. What are the prime factors of 1*1/2*o?
2, 19
Let g = 753 + -311. List the prime factors of g.
2, 13, 17
Suppose 0 = -11*m + 10*m - 365. Let y = m + 541. List the prime factors of y.
2, 11
Suppose m + 3*m = 8. Suppose 3*u - 60 = -5*l - u, -m*l = -5*u - 24. What are the prime factors of l?
2, 3
Let c(q) = 581*q - 188. What are the prime factors of c(3)?
5, 311
Suppose -3444 - 9156 = -42*b. What are the prime factors of b?
2, 3, 5
Let n = -13 - -7. Let k(b) = 4*b**2 + 7*b + 12. Let j(h) = -5*h**2 - 8*h - 13. Let i(s) = n*k(s) - 5*j(s). What are the prime factors of i(-6)?
41
Suppose 0 = -82*a + 84*a - 68. List the prime factors of a.
2, 17
Let n(v) = 74*v - 9. Suppose 0*o + 2*o = -4*j - 8, -2*o = -5*j - 19. List the prime factors of n(o).
139
Let x(z) = 0 - 2 - 4*z + z**3 - 2*z**2 + 6. Let w be -4 - 160/(-30)*6/4. What are the prime factors of x(w)?
2, 5
Let o be (4 + 725/15)/((-1)/15). Let h = -524 - o. What are the prime factors of h?
3, 29
Let c(o) = -o**2 + 4*o. Suppose 3 = 2*d - 3. Let k be c(d). List the prime factors of 4/(-6)*(-72)/k.
2
Let f = 58 + 1527. What are the prime factors of f?
5, 317
Let p = 360 - 126. List the prime factors of p.
2, 3, 13
Suppose -3*w - 2*q = q - 33, -2*w + 5*q + 1 = 0. Suppose 15*r = w*r + 392. List the prime factors of r.
2, 7
Suppose -l - l + 16 = 0. Let b be (-4)/6*(-156)/l. Let h(m) = m**3 - 12*m**2 - 13*m + 3. What are the prime factors of h(b)?
3
Let t = 202 + -131. Suppose -115 = -6*x + t. What are the prime factors of x?
31
Let r(o) = 4*o + 1. Suppose 0 = 3*a + 3*v - v - 31, 0 = -4*a - 5*v + 46. What are the prime factors of r(a)?
37
Let a be 1/(-5) - 3072/15. Let m = 348 + a. Suppose -162 + 11 = -3*t + 2*f, 4*f + m = 3*t. List the prime factors of t.
53
Let i = 104 - 104. Suppose m + 5*o - 46 = i, -m - 4*o + 42 = -o. List the prime factors of m.
2, 3
Let v be (-2)/(-7) - (-732)/(-14). Let w = -37 - v. Suppose -2*g - 1 = -w. List the prime factors of g.
7
Suppose -2*i + 1199 = -3*g, 4*i - 79*g + 81*g - 2406 = 0. What are the prime factors of i?
601
Let z = 12 - 12. Suppose 4*y + 47 - 15 = z. Let l = 34 + y. What are the prime factors of l?
2, 13
Suppose -5*o - 2*b + 2616 = b, 0 = -2*o + 5*b + 1034. What are the prime factors of o?
2, 3, 29
Let g(p) = 105*p**3 + 15. Let j(a) = -52*a**3 - 7. Let q(n) = -6*g(n) - 13*j(n). Let o be q(1). Let t = o + -29. List the prime factors of t.
2, 3
Suppose 540*f - 5478 = 537*f. List the prime factors of f.
2, 11, 83
Suppose -9*a + 42 = -6*a. Let w = 36 - a. Suppose -w + 8 = -m. What are the prime factors of m?
2, 7
Let d = 48 + 20. What are the prime factors of 1 + (-3)/((-12)/d)?
2, 3
List the prime factors of (45/(-12))/(6 - 34629/5768).
2, 5, 103
Let h be ((-6)/1)/(-9 - -7). Suppose v - 9 = h*d, 3*v = v + 5*d + 16. List the prime factors of (-6)/(-4)*136/v.
2, 17
Let i = 